80
What is the greatest common divisor of 1154 and 808191206?
1154
Calculate the highest common factor of 113815 and 1327105.
1105
Calculate the highest common factor of 1460166 and 45258.
2382
What is the highest common factor of 37 and 35950643?
37
What is the highest common factor of 18837566 and 66?
22
Calculate the highest common factor of 168048 and 196608.
48
Calculate the greatest common divisor of 8758970 and 110.
110
What is the highest common divisor of 36584 and 7548?
68
Calculate the highest common factor of 8039694 and 1770.
354
What is the highest common divisor of 79115 and 7?
1
What is the highest common divisor of 8577610 and 310?
10
Calculate the highest common divisor of 20613 and 359318945.
6871
What is the greatest common divisor of 62 and 918118909?
31
Calculate the highest common factor of 418968 and 2934.
18
What is the highest common factor of 663 and 96416333?
221
Calculate the highest common factor of 225472 and 20054.
542
Calculate the highest common divisor of 139261 and 7943.
47
What is the greatest common factor of 11007972 and 24?
12
Calculate the highest common divisor of 3154551 and 1653.
57
Calculate the greatest common divisor of 13474446 and 3048.
762
Calculate the highest common factor of 6525 and 4574721.
87
What is the greatest common factor of 2444 and 1826984?
188
Calculate the highest common factor of 3148 and 3972.
4
What is the highest common factor of 36 and 9518835?
3
What is the greatest common factor of 64237 and 3?
1
What is the greatest common divisor of 8160884 and 344?
172
Calculate the highest common factor of 669 and 2803.
1
What is the greatest common factor of 25484 and 98992?
92
Calculate the greatest common divisor of 11597760 and 2880.
2880
Calculate the greatest common divisor of 23513554 and 59362.
886
Calculate the greatest common divisor of 761911225 and 69.
23
Calculate the greatest common factor of 754716 and 948300.
1308
Calculate the highest common divisor of 96 and 7748268.
12
Calculate the highest common divisor of 25381316 and 9964.
188
What is the greatest common factor of 144410058 and 52?
26
Calculate the greatest common factor of 2998191 and 7581.
21
What is the highest common divisor of 5200 and 509896400?
5200
What is the highest common divisor of 2 and 199767778?
2
Calculate the greatest common divisor of 6669243 and 78029.
497
What is the highest common factor of 16655214 and 8762?
674
What is the greatest common divisor of 347614017 and 177?
177
Calculate the greatest common divisor of 2201 and 122698.
31
What is the greatest common divisor of 34116929 and 308?
77
Calculate the greatest common divisor of 232 and 289116022.
58
Calculate the highest common divisor of 188351 and 21.
1
Calculate the highest common divisor of 8515080 and 6120.
360
Calculate the highest common factor of 51685044 and 60.
12
What is the highest common divisor of 315278616 and 16?
8
What is the highest common divisor of 155575945 and 35?
35
What is the highest common divisor of 6463 and 707839?
281
What is the greatest common divisor of 20178 and 201?
3
Calculate the highest common divisor of 110922 and 8322069.
2919
Calculate the highest common divisor of 264 and 266346.
6
What is the greatest common factor of 869193652 and 7508?
7508
Calculate the highest common divisor of 582643502 and 56.
14
What is the greatest common factor of 6468 and 281417829?
1617
What is the highest common factor of 5230092 and 532?
532
What is the greatest common divisor of 1295 and 412899613?
259
What is the greatest common divisor of 99 and 26247001?
11
Calculate the highest common divisor of 49486 and 102896.
218
Calculate the highest common divisor of 131080869 and 54.
27
What is the highest common divisor of 142688 and 34985314?
8918
Calculate the highest common divisor of 26 and 24311222.
26
What is the greatest common factor of 22760556 and 406987?
7679
What is the greatest common factor of 17821 and 452128?
71
What is the highest common divisor of 5058 and 2026?
2
What is the greatest common divisor of 18 and 385934646?
6
Calculate the greatest common divisor of 37119534 and 30.
6
Calculate the highest common factor of 289 and 897719.
17
Calculate the greatest common divisor of 34394 and 48959266.
1186
Calculate the highest common factor of 880 and 2588972320.
880
Calculate the highest common factor of 162371 and 10660496.
5599
Calculate the greatest common divisor of 101040 and 2387760.
240
Calculate the highest common factor of 55742010 and 190.
190
What is the highest common factor of 132681 and 9447?
141
Calculate the greatest common divisor of 44032167 and 189.
27
What is the greatest common factor of 36 and 1194860?
4
What is the greatest common factor of 191484 and 666?
18
What is the greatest common divisor of 48 and 37551376?
16
What is the greatest common divisor of 101880259 and 1079?
1079
Calculate the greatest common divisor of 5176351 and 707.
101
What is the greatest common factor of 196 and 93339365?
49
What is the greatest common divisor of 33626 and 334798?
1462
What is the highest common factor of 3537 and 4854006?
27
Calculate the greatest common factor of 2167 and 14621143.
197
Calculate the greatest common divisor of 3419 and 36826838.
263
What is the highest common factor of 2512 and 172857?
157
What is the highest common divisor of 154 and 11008558?
22
Calculate the greatest common divisor of 173 and 69062465.
173
What is the highest common divisor of 320161 and 125171?
629
What is the highest common divisor of 29731370 and 15150?
1010
What is the highest common divisor of 4756676 and 496915?
3427
Calculate the highest common divisor of 112273272 and 18.
18
Calculate the greatest common divisor of 9631470 and 25530.
1110
Calculate the highest common factor of 351 and 13387881.
39
What is the greatest common factor of 237319 and 57?
1
Calculate the highest common divisor of 50 and 14050325.
25
What is the highest common divisor of 3936 and 169344432?
1968
What is the greatest common factor of 2015 and 17906785?
65
What is the highest common factor of 80 and 419065?
5
What is the highest common factor of 471771 and 18050013?
2727
Calculate the greatest common factor of 143 and 21276871.
11
What is the highest common factor of 218 and 627772529?
109
What is the greatest common divisor of 594076 and 212856?
196
Calculate the highest common factor of 1480 and 2676430.
10
What is the highest common divisor of 2921 and 5431841?
23
What is the highest common divisor of 5612 and 19654688?
244
What is the highest common divisor of 216 and 141987843?
27
Calculate the highest common divisor of 61461701 and 261.
29
What is the highest common factor of 360 and 980240?
40
What is the greatest common divisor of 11024 and 1815568?
848
What is the highest common divisor of 3822 and 154598626?
1274
Calculate the greatest common factor of 10578 and 273429.
123
Calculate the highest common factor of 30128 and 22512.
112
What is the greatest common divisor of 760264 and 47912?
904
Calculate the greatest common factor of 258 and 1524918804.
258
Calculate the greatest common factor of 33626 and 327488.
1462
What is the greatest common divisor of 1052711 and 11?
11
Calculate the highest common divisor of 19952 and 1058832.
688
What is the highest common divisor of 52276998 and 8341?
439
What is the highest common divisor of 19692830 and 7130?
230
What is the highest common factor of 3716570 and 46?
46
Calculate the highest common factor of 1218 and 13511883.
609
Calculate the greatest common factor of 708 and 8033794.
118
What is the highest common factor of 17340 and 66630?
30
What is the highest common divisor of 4071 and 18050745?
69
What is the highest common factor of 10519745 and 50557?
3889
Calculate the greatest common divisor of 16852 and 744552.
1532
Calculate the greatest common divisor of 659970 and 153.
9
Calculate the greatest common factor of 541 and 632812028.
541
What is the highest common factor of 837414 and 16326?
18
Calculate the greatest common factor of 39170091 and 204.
51
Calculate the highest common divisor of 4932 and 96548832.
4932
What is the greatest common factor of 17119560 and 24?
24
Calculate the greatest common factor of 867888566 and 4562.
4562
What is the highest